culate the highest common factor of n and 22.
11
Let q = 89 - 45. Suppose -53 = -3*p - 5*b, -2*p + 24 = 2*p - 5*b. What is the greatest common divisor of p and q?
11
Suppose -3*y = 6 - 27. Let m(t) = 22*t - 2. Let x be m(y). Let u be 1/(1 - (-36)/(-38)). Calculate the highest common divisor of x and u.
19
Let q be 2 + -1 + 1*87. Let m(t) = -t**3 - t**2 + 8. Let v be m(0). Calculate the greatest common factor of q and v.
8
Let g be ((-6)/1)/(-3) + 2. Let d be 2/g + (-3)/(-2). Calculate the highest common factor of 8 and d.
2
Suppose -v = -6*v + 180. Let o be (-4)/(-14) - (-332)/14. Calculate the greatest common divisor of v and o.
12
Suppose 0 = -f + 4*m + 16, -4*m + 0*m = -5*f + 96. Suppose -6 = -5*w + 19. What is the highest common factor of w and f?
5
Let o(w) = 9*w**2 + 5*w - 2. Let g be o(-5). Let m = 72 + -50. What is the highest common factor of g and m?
22
Let w(t) = -t**3 - 8*t**2 + 2*t - 1. Let s be w(-6). Let g = -52 - s. What is the greatest common factor of 22 and g?
11
Suppose -d + 2 = 0, 24 = a + 2*a + 3*d. Let b = -16 + 10. Let y(i) = -10*i + 6. Let x be y(b). What is the highest common divisor of a and x?
6
Let q(p) = 1 - p**2 + 126*p**3 - 2*p**2 + 3*p**2 - 2*p. Let x be q(1). Calculate the highest common divisor of x and 50.
25
Let d = 26 + -15. Calculate the highest common divisor of d and 121.
11
Let a be (2 - 1)/(2/6). Suppose -a = -n + 5. Calculate the highest common divisor of 32 and n.
8
Let a be -1 + -2 + -43 + -5. Let s be a/(-15) - 6/(-10). Calculate the highest common divisor of 28 and s.
4
Let v = -13 - -35. What is the greatest common factor of 110 and v?
22
Suppose 0 = 3*j + 5*q - 143, 78 = -0*j + 2*j - q. Let k = j + -29. Calculate the greatest common factor of k and 3.
3
Let p(n) = 2*n**2 + 33*n + 18. Let u be p(-16). Calculate the highest common factor of 2 and u.
2
Suppose 28 = -d + 3*d. Calculate the greatest common factor of 126 and d.
14
Let y be (-4)/(-10) - 6/(-10). Let c be 21*1 + -2 + y. What is the highest common factor of 4 and c?
4
Let z be 1792/60 - (-2)/15. Calculate the greatest common divisor of z and 75.
15
Let n = 31 + -21. Suppose 9*y - 272 + 2 = 0. What is the highest common divisor of y and n?
10
Suppose 0 = -3*n - 22 + 7, d + 6 = -4*n. What is the highest common divisor of 266 and d?
14
Suppose b + 9 = 4. Let a be (-6)/b*(0 + 5). Calculate the highest common factor of a and 4.
2
Let s be ((-54)/4)/(-3)*2. Let x be 12/16 - (-42)/8. Let q = s + x. Calculate the greatest common divisor of 15 and q.
15
Let d(i) = -2*i - 6. Let j(h) = -h. Let n(r) = -d(r) + 3*j(r). Let u be n(0). Calculate the greatest common factor of u and 6.
6
Let m(n) = n**2 - 5. Let o be m(5). Suppose -128 + 8 = -4*z. Calculate the greatest common divisor of z and o.
10
Let j = -51 - -71. Suppose -4*x + 0*g + 3*g + 135 = 0, -x + 35 = -g. What is the highest common factor of j and x?
10
Let y(k) be the second derivative of 7*k**4/4 - k**2/2 - k. Let s be y(1). What is the greatest common factor of 60 and s?
20
Let x = 76 + -40. Let z be 6*(-4)/(-18)*3. Calculate the greatest common factor of x and z.
4
Let d be (1/(-2))/(3/18). Let j(n) = -2*n**3 + 3*n**2 + n - 1. Let i be j(d). Calculate the greatest common divisor of 11 and i.
11
Let z = -6 - -4. Let a be ((-16)/z)/(4/6). Calculate the highest common divisor of a and 18.
6
Let i be (-3)/(-6)*6 + -1. Suppose 0 = k - 5*h - 21 - 7, 12 = i*k + h. Suppose 4 = -y + k. Calculate the highest common factor of y and 44.
4
Let z(y) = -y**2 - 13*y - 22. Let n be z(-8). What is the greatest common divisor of n and 54?
18
Let d = 3 + 6. Calculate the highest common factor of 72 and d.
9
Suppose -4*k = -m + 1477 + 299, -2*m + 3537 = -5*k. Let j be 8/20 - m/(-10). Calculate the highest common factor of j and 16.
16
Suppose d - 3*x + 8*x + 11 = 0, -2*d - 2*x = 22. Let u be 2/d + (-2004)/(-11). Let l = -47 - -73. What is the highest common factor of u and l?
26
Suppose -2*n + m = -30, -m = -5 + 3. Calculate the highest common factor of 16 and n.
16
Let i = -30 - -18. Let m be 2/i + (-340)/(-24). Suppose -3*x + m = -13. Calculate the greatest common divisor of x and 9.
9
Let x be (324/(-24))/(3/(-4)). Calculate the highest common factor of x and 144.
18
Let q(p) = 2*p**2 + 5*p + 5. Let o be q(-2). Suppose 0 = 4*w - 4, 7*i = o*i - 4*w + 112. Calculate the greatest common divisor of i and 18.
9
Suppose -4*s - 6 + 22 = 0. Let v be ((-18)/s)/(24/(-64)). What is the highest common divisor of 60 and v?
12
Let p be (9 + -6)/((-3)/(-2)). What is the highest common factor of p and 12?
2
Suppose 3*g - 13 = 11. Calculate the greatest common divisor of g and 24.
8
Let l be (-5)/((-15)/(-6)) + 43. Let g be 1/(1/l) - -1. Calculate the greatest common factor of 21 and g.
21
Suppose -l = 3*w - 46, l = 2*w + 15 + 6. Calculate the greatest common factor of 31 and l.
31
Let s = -35 + 50. Calculate the greatest common factor of 120 and s.
15
Suppose 0 = w - 6*w + 80. Suppose -9 = -5*b + w. What is the greatest common divisor of 10 and b?
5
Suppose 12 = 5*q - 4*a - 10, 5*a + 23 = 4*q. Suppose q*r - 4*r = -6. What is the greatest common factor of r and 6?
3
Let j(u) = u**2 - 2*u - 14. Let c be j(6). Calculate the greatest common divisor of c and 4.
2
Let i be ((-1)/(-3))/((-4)/(-36)). Suppose 0*o - o = i. Let s = 11 - o. What is the highest common factor of 98 and s?
14
Let m(s) = 2*s**2 - 5*s + 2. Suppose -6*y = -2*y - 20. Suppose -y*o + 22 = d, -3 = -2*d + 1. Let u be m(o). What is the greatest common factor of 21 and u?
7
Let j = -107 - -123. What is the greatest common divisor of j and 112?
16
Let v = 6 + 32. Suppose -168 = -5*z - v. What is the highest common factor of z and 13?
13
Let s be -2*(2 - 3) - 0. Suppose -6 + s = -g. Suppose -4*c + 20 = 0, -g*j + 2*c = j - 105. Calculate the greatest common factor of 23 and j.
23
Suppose 3*v - 7*v = 40. Let a be v*2/(-4)*1. Let o(r) = r**3 - 4*r**2 + r + 4. Let n be o(a). Calculate the highest common divisor of 17 and n.
17
Let i = 6 + 15. Let o = i - 15. Calculate the greatest common divisor of 2 and o.
2
Suppose -5*q + 32 = i, 4*q = 4*i + 5 + 11. Suppose -q*z + 170 + 238 = 0. What is the greatest common factor of z and 17?
17
Suppose -2*j + 46 + 284 = 0. What is the greatest common divisor of 15 and j?
15
Suppose -4*f + 21 - 1 = 0. What is the greatest common factor of f and 20?
5
Suppose 0 = -5*n + 155 + 95. What is the highest common factor of 10 and n?
10
Let d be 4 - (11 - 1)/(-2). Suppose 5*y + l = 3*y + 86, 0 = -5*l - 20. What is the greatest common divisor of d and y?
9
Let x be (2506/21)/((-4)/(-6)). Suppose -x = -4*y + 157. Calculate the highest common divisor of y and 12.
12
Suppose 3*i + 15 = 6*i, 0 = -3*h + i + 211. Suppose -2*z - g = -h, -94 + 226 = 4*z - 4*g. Suppose -k = -2*k + 5. Calculate the highest common factor of z and k.
5
Let m = 5 - 3. Let i = -12 - -14. Suppose -5*t = i*k - 65, -m*t + 32 = 4*k - 2*k. What is the greatest common factor of 77 and t?
11
Suppose 4*y - 3*a = a + 116, -2*y = -a - 61. What is the greatest common factor of 8 and y?
8
Let c = 84 - 76. Calculate the highest common divisor of c and 2.
2
Suppose 2*q - 12 = -q. Suppose -m - q + 8 = 0. Calculate the highest common factor of m and 44.
4
Let g = 29 - 16. Calculate the greatest common factor of g and 13.
13
Let k(z) = 49*z - 13. Let w be k(7). What is the highest common factor of w and 30?
30
Suppose 3*x - 70 = -2*x. Suppose x = 3*i - 16. Let o = -6 + i. What is the highest common factor of o and 1?
1
Suppose -4*h = -h. Let g(k) = 4*k + k**3 + 0 + 5*k**2 + h*k + 3. Let y be g(-3). What is the greatest common divisor of 27 and y?
9
Let z be (-9 - -1)*(-5)/2. Calculate the greatest common factor of 10 and z.
10
Suppose -5*q = 3*s - 114, -4*q = s - 2*s + 38. Calculate the greatest common factor of 2 and s.
2
Let m be (-26)/6*(-132)/1. Suppose -3*c + m = c. Calculate the greatest common factor of 13 and c.
13
Let l be (-2)/6 + 1/3. Let f be 2 + 0 + (l - -2). What is the highest common factor of 1 and f?
1
Suppose 2*a + 2 + 66 = 0. Let o = 70 + a. Suppose -4 = -2*d + 5*f + 7, 0 = -4*d - f + 77. Calculate the highest common factor of o and d.
18
Let v = 282 + -162. Suppose -3*p - 2*p = -v. Suppose 0 = -3*n - n + 24. What is the highest common divisor of n and p?
6
Let h(i)